{"id":23,"date":"2019-06-07T06:59:12","date_gmt":"2019-06-07T06:59:12","guid":{"rendered":"http:\/\/conacon.de\/?page_id=23"},"modified":"2019-06-07T07:40:08","modified_gmt":"2019-06-07T07:40:08","slug":"unternehmensberatung","status":"publish","type":"page","link":"https:\/\/conacon.de\/?page_id=23","title":{"rendered":"Unternehmensberatung"},"content":{"rendered":"\n<p>Wir bieten Ihnen das gesamte Spektrum der modernen Unternehmensberatung. Insbesondere profitieren Sie von den jahrelangen Erfolgen der folgenden Themenschwerpunkte:<\/p>\n\n\n\n<ul><li>Einf\u00fchrung detaillierter Controlling-Systeme<\/li><li> Kosten und Abweichungsanalysen<\/li><li> Betriebswirtschaftliches Coaching<\/li><li> Bilanz und G+V Auswertungen<\/li><li> Individuelle Kennzahlensysteme<\/li><li> Existenzgr\u00fcndungsunterst\u00fctzung<\/li><li> Auf- und Ausbau neuer Gesch\u00e4ftsfelder<\/li><li> Schwachstellenanalyse<\/li><li> Qualit\u00e4tsmanagementsysteme (ISO, IFS-FOOD, usw.)<\/li><li> EDV-Beratung und EDV-Schulungen<\/li><li> Projektmanagement mit Erfahrungen aus \u00fcber 400 Projekten<\/li><\/ul>\n","protected":false},"excerpt":{"rendered":"<p>Wir bieten Ihnen das gesamte Spektrum der modernen Unternehmensberatung. Insbesondere profitieren Sie von den jahrelangen Erfolgen der folgenden Themenschwerpunkte: Einf\u00fchrung detaillierter Controlling-Systeme Kosten und Abweichungsanalysen Betriebswirtschaftliches Coaching Bilanz und G+V Auswertungen Individuelle Kennzahlensysteme Existenzgr\u00fcndungsunterst\u00fctzung Auf- und Ausbau neuer Gesch\u00e4ftsfelder Schwachstellenanalyse Qualit\u00e4tsmanagementsysteme (ISO, IFS-FOOD, usw.) EDV-Beratung und EDV-Schulungen Projektmanagement mit Erfahrungen aus \u00fcber 400 Projekten<\/p>\n","protected":false},"author":1,"featured_media":45,"parent":0,"menu_order":0,"comment_status":"closed","ping_status":"closed","template":"","meta":[],"_links":{"self":[{"href":"https:\/\/conacon.de\/index.php?rest_route=\/wp\/v2\/pages\/23"}],"collection":[{"href":"https:\/\/conacon.de\/index.php?rest_route=\/wp\/v2\/pages"}],"about":[{"href":"https:\/\/conacon.de\/index.php?rest_route=\/wp\/v2\/types\/page"}],"author":[{"embeddable":true,"href":"https:\/\/conacon.de\/index.php?rest_route=\/wp\/v2\/users\/1"}],"replies":[{"embeddable":true,"href":"https:\/\/conacon.de\/index.php?rest_route=%2Fwp%2Fv2%2Fcomments&post=23"}],"version-history":[{"count":2,"href":"https:\/\/conacon.de\/index.php?rest_route=\/wp\/v2\/pages\/23\/revisions"}],"predecessor-version":[{"id":34,"href":"https:\/\/conacon.de\/index.php?rest_route=\/wp\/v2\/pages\/23\/revisions\/34"}],"wp:featuredmedia":[{"embeddable":true,"href":"https:\/\/conacon.de\/index.php?rest_route=\/wp\/v2\/media\/45"}],"wp:attachment":[{"href":"https:\/\/conacon.de\/index.php?rest_route=%2Fwp%2Fv2%2Fmedia&parent=23"}],"curies":[{"name":"wp","href":"https:\/\/api.w.org\/{rel}","templated":true}]}}