{"id":12,"date":"2019-06-07T06:42:31","date_gmt":"2019-06-07T06:42:31","guid":{"rendered":"http:\/\/conacon.de\/?page_id=12"},"modified":"2019-06-07T07:43:01","modified_gmt":"2019-06-07T07:43:01","slug":"dienstleistungen","status":"publish","type":"page","link":"https:\/\/conacon.de\/?page_id=12","title":{"rendered":"Dienstleistungen"},"content":{"rendered":"\n<p>Erfahrung nutzen \u2013 Profit steigern!<br> Nachfolgend finden Sie eine Auswahl unserer Dienstleistungen. CONACON hat sich auf diese Schwerpunkte spezialisiert. Nat\u00fcrlich gibt es noch weitere Themen, die Sie interessieren k\u00f6nnen. Bitte z\u00f6gern Sie nicht und sprechen uns gleich an.<\/p>\n\n\n\n<ul><li><a href=\"http:\/\/conacon.de\/?page_id=23\">Unternehmensberatung<\/a><\/li><li><a href=\"http:\/\/conacon.de\/?page_id=14\">Managementunterst\u00fctzung<\/a><\/li><li><a href=\"http:\/\/conacon.de\/?page_id=25\">Vertrieb und Marketing<\/a><\/li><li><a href=\"http:\/\/conacon.de\/?page_id=16\">Organisation- und Prozessanalyse<\/a><\/li><li><a href=\"http:\/\/conacon.de\/?page_id=18\">Personalberatung<\/a> <\/li><\/ul>\n\n\n\n<p><\/p>\n","protected":false},"excerpt":{"rendered":"<p>Erfahrung nutzen \u2013 Profit steigern! Nachfolgend finden Sie eine Auswahl unserer Dienstleistungen. CONACON hat sich auf diese Schwerpunkte spezialisiert. Nat\u00fcrlich gibt es noch weitere Themen, die Sie interessieren k\u00f6nnen. Bitte z\u00f6gern Sie nicht und sprechen uns gleich an. Unternehmensberatung Managementunterst\u00fctzung Vertrieb und Marketing Organisation- und Prozessanalyse Personalberatung<\/p>\n","protected":false},"author":1,"featured_media":48,"parent":0,"menu_order":0,"comment_status":"closed","ping_status":"closed","template":"","meta":[],"_links":{"self":[{"href":"https:\/\/conacon.de\/index.php?rest_route=\/wp\/v2\/pages\/12"}],"collection":[{"href":"https:\/\/conacon.de\/index.php?rest_route=\/wp\/v2\/pages"}],"about":[{"href":"https:\/\/conacon.de\/index.php?rest_route=\/wp\/v2\/types\/page"}],"author":[{"embeddable":true,"href":"https:\/\/conacon.de\/index.php?rest_route=\/wp\/v2\/users\/1"}],"replies":[{"embeddable":true,"href":"https:\/\/conacon.de\/index.php?rest_route=%2Fwp%2Fv2%2Fcomments&post=12"}],"version-history":[{"count":3,"href":"https:\/\/conacon.de\/index.php?rest_route=\/wp\/v2\/pages\/12\/revisions"}],"predecessor-version":[{"id":39,"href":"https:\/\/conacon.de\/index.php?rest_route=\/wp\/v2\/pages\/12\/revisions\/39"}],"wp:featuredmedia":[{"embeddable":true,"href":"https:\/\/conacon.de\/index.php?rest_route=\/wp\/v2\/media\/48"}],"wp:attachment":[{"href":"https:\/\/conacon.de\/index.php?rest_route=%2Fwp%2Fv2%2Fmedia&parent=12"}],"curies":[{"name":"wp","href":"https:\/\/api.w.org\/{rel}","templated":true}]}}